{"id":155,"date":"2017-12-12T14:38:31","date_gmt":"2017-12-12T17:38:31","guid":{"rendered":"http:\/\/www.desarrollowebchile.xyz\/sitios\/lago\/?page_id=155"},"modified":"2022-02-04T13:31:57","modified_gmt":"2022-02-04T16:31:57","slug":"casa-2","status":"publish","type":"page","link":"https:\/\/casalagorapel.cl\/?page_id=155","title":{"rendered":"Casa La Puntilla"},"content":{"rendered":"<p>[vc_row][vc_column][vc_column_text]<\/p>\n<h2 style=\"text-align: center;\">Casa Lago Rapel<\/h2>\n<p style=\"text-align: center;\">Casa Lago Rapel fue creada para vivir experiencias familiares inolvidables, integrando el bello entorno natural del paisaje que le rodea. Equipada cuidadosamente para brindar entretenci\u00f3n, comodidad y confort en cada uno de sus acogedores ambientes. Destaca entre sus entretenciones una gran piscina al aire libre a orillas del lago.<\/p>\n<p>[\/vc_column_text][vc_btn title=&#8221;Cont\u00e1ctenos&#8221; align=&#8221;center&#8221; link=&#8221;url:https%3A%2F%2Fcasalagorapel.cl%2F%3Fpage_id%3D144||target:%20_blank|&#8221;][vc_gallery type=&#8221;nivo&#8221; interval=&#8221;3&#8243; images=&#8221;484,485,486,487,488,489,490,491,492,493,494,495,496&#8243; img_size=&#8221;large&#8221; title=&#8221;Im\u00e1genes&#8221;][vc_column_text]Esta se compone de una casa principal que cuenta en su interior con cocina full equipada, bar, comedor, living con sillones de cuero, 2 ba\u00f1os y 2 dormitorios matrimoniales (uno de ellos tiene un camarote individual), todos incluyen toda la ropa de cama. Adem\u00e1s existe una casa dormitorio, aleda\u00f1a a la principal, equipada con ba\u00f1o completo, 3 camarotes individuales y una cama individual que incluyen toda la ropa de cama.<\/p>\n<p>En el exterior posee una gran piscina, 20 metros de orilla de lago y muelle propio, con comedor techado, zona de pesca iluminada, terraza con vista panor\u00e1mica al lago, quincho y amplios jardines con iluminaci\u00f3n nocturna.<\/p>\n<p>Para la entretenci\u00f3n cuenta con un moderno equipo de m\u00fasica, conexi\u00f3n a bluetooth &#8211; USB &#8211; HDMI, taca-taca, mesa de ping pong, cama el\u00e1stica, televisi\u00f3n satelital en living y cada uno de los dormitorios, 2 bicicletas y 3 kayak.<\/p>\n<p>Capacidad para 13 personas.[\/vc_column_text][\/vc_column][\/vc_row][vc_row][vc_column][\/vc_column][\/vc_row]<\/p>\n","protected":false},"excerpt":{"rendered":"<p>[vc_row][vc_column][vc_column_text] Casa Lago Rapel Casa Lago Rapel fue creada para vivir experiencias familiares inolvidables, integrando el bello entorno natural del paisaje que le rodea. Equipada cuidadosamente para brindar entretenci\u00f3n, comodidad y confort en cada uno de sus acogedores ambientes. Destaca entre sus entretenciones una gran piscina al aire libre a orillas del lago. [\/vc_column_text][vc_btn title=&#8221;Cont\u00e1ctenos&#8221; &hellip; <a href=\"https:\/\/casalagorapel.cl\/?page_id=155\" class=\"more-link\">Continue reading <span class=\"screen-reader-text\">Casa La Puntilla<\/span> <span class=\"meta-nav\">&rarr;<\/span><\/a><\/p>\n","protected":false},"author":3,"featured_media":0,"parent":0,"menu_order":0,"comment_status":"closed","ping_status":"closed","template":"","meta":{"footnotes":""},"class_list":["post-155","page","type-page","status-publish","hentry"],"_links":{"self":[{"href":"https:\/\/casalagorapel.cl\/index.php?rest_route=\/wp\/v2\/pages\/155"}],"collection":[{"href":"https:\/\/casalagorapel.cl\/index.php?rest_route=\/wp\/v2\/pages"}],"about":[{"href":"https:\/\/casalagorapel.cl\/index.php?rest_route=\/wp\/v2\/types\/page"}],"author":[{"embeddable":true,"href":"https:\/\/casalagorapel.cl\/index.php?rest_route=\/wp\/v2\/users\/3"}],"replies":[{"embeddable":true,"href":"https:\/\/casalagorapel.cl\/index.php?rest_route=%2Fwp%2Fv2%2Fcomments&post=155"}],"version-history":[{"count":13,"href":"https:\/\/casalagorapel.cl\/index.php?rest_route=\/wp\/v2\/pages\/155\/revisions"}],"predecessor-version":[{"id":534,"href":"https:\/\/casalagorapel.cl\/index.php?rest_route=\/wp\/v2\/pages\/155\/revisions\/534"}],"wp:attachment":[{"href":"https:\/\/casalagorapel.cl\/index.php?rest_route=%2Fwp%2Fv2%2Fmedia&parent=155"}],"curies":[{"name":"wp","href":"https:\/\/api.w.org\/{rel}","templated":true}]}}