{"id":151,"date":"2017-12-12T14:33:28","date_gmt":"2017-12-12T17:33:28","guid":{"rendered":"http:\/\/www.desarrollowebchile.xyz\/sitios\/lago\/?page_id=151"},"modified":"2022-02-04T13:31:24","modified_gmt":"2022-02-04T16:31:24","slug":"casa-1","status":"publish","type":"page","link":"https:\/\/casalagorapel.cl\/?page_id=151","title":{"rendered":"Casa El \u00c1lamo"},"content":{"rendered":"<p>[vc_row][vc_column][vc_column_text]<\/p>\n<h2 style=\"text-align: center;\">Casa Lago Rapel<\/h2>\n<p style=\"text-align: center;\">Casa Lago Rapel fue creada para vivir experiencias familiares inolvidables, integrando el bello entorno natural del paisaje que le rodea. Equipada cuidadosamente para brindar entretenci\u00f3n, comodidad y confort en cada uno de sus acogedores ambientes. Destaca entre sus entretenciones una gran piscina al aire libre a orillas del lago.<\/p>\n<p>[\/vc_column_text][vc_btn title=&#8221;Cont\u00e1ctenos&#8221; align=&#8221;center&#8221; link=&#8221;url:https%3A%2F%2Fcasalagorapel.cl%2F%3Fpage_id%3D144||target:%20_blank|&#8221;][vc_gallery type=&#8221;nivo&#8221; interval=&#8221;3&#8243; images=&#8221;433,456,225,507,506,505,504,503,501,499,510&#8243; img_size=&#8221;large&#8221; onclick=&#8221;&#8221; title=&#8221;Im\u00e1genes&#8221;][vc_column_text]Esta cuenta en su interior con cocina full equipada, bar, comedor, living con sillones de cuero, 3 ba\u00f1os, 3 c\u00f3modos dormitorios matrimoniales (uno de ellos tiene una cama individual en su interior), un dormitorio con 2 camarotes individuales y otro con un camarote individual, todos incluyen toda la ropa de cama.<\/p>\n<p>En su exterior posee una gran piscina, 15 metros de orilla de lago, muelle con terraza techada y comedor, zona de pesca iluminada y embarcadero propio, terraza con quincho y vista panor\u00e1mica al lago, y amplios jardines con iluminaci\u00f3n nocturna.<\/p>\n<p>Para la entretenci\u00f3n tiene un moderno equipo de m\u00fasica con conexi\u00f3n bluetooth &#8211; USB &#8211; HDMI, sala de juegos con mesa de pool, taca-taca, mesa de ping pong, cama el\u00e1stica, televisi\u00f3n satelital en living y cada uno de los dormitorios, 2 bicicletas y 4 kayak.<\/p>\n<p>Capacidad 13 personas.[\/vc_column_text][\/vc_column][\/vc_row][vc_row][vc_column][\/vc_column][\/vc_row]<\/p>\n","protected":false},"excerpt":{"rendered":"<p>[vc_row][vc_column][vc_column_text] Casa Lago Rapel Casa Lago Rapel fue creada para vivir experiencias familiares inolvidables, integrando el bello entorno natural del paisaje que le rodea. Equipada cuidadosamente para brindar entretenci\u00f3n, comodidad y confort en cada uno de sus acogedores ambientes. Destaca entre sus entretenciones una gran piscina al aire libre a orillas del lago. [\/vc_column_text][vc_btn title=&#8221;Cont\u00e1ctenos&#8221; &hellip; <a href=\"https:\/\/casalagorapel.cl\/?page_id=151\" class=\"more-link\">Continue reading <span class=\"screen-reader-text\">Casa El \u00c1lamo<\/span> <span class=\"meta-nav\">&rarr;<\/span><\/a><\/p>\n","protected":false},"author":3,"featured_media":0,"parent":0,"menu_order":0,"comment_status":"closed","ping_status":"closed","template":"","meta":{"footnotes":""},"class_list":["post-151","page","type-page","status-publish","hentry"],"_links":{"self":[{"href":"https:\/\/casalagorapel.cl\/index.php?rest_route=\/wp\/v2\/pages\/151"}],"collection":[{"href":"https:\/\/casalagorapel.cl\/index.php?rest_route=\/wp\/v2\/pages"}],"about":[{"href":"https:\/\/casalagorapel.cl\/index.php?rest_route=\/wp\/v2\/types\/page"}],"author":[{"embeddable":true,"href":"https:\/\/casalagorapel.cl\/index.php?rest_route=\/wp\/v2\/users\/3"}],"replies":[{"embeddable":true,"href":"https:\/\/casalagorapel.cl\/index.php?rest_route=%2Fwp%2Fv2%2Fcomments&post=151"}],"version-history":[{"count":13,"href":"https:\/\/casalagorapel.cl\/index.php?rest_route=\/wp\/v2\/pages\/151\/revisions"}],"predecessor-version":[{"id":533,"href":"https:\/\/casalagorapel.cl\/index.php?rest_route=\/wp\/v2\/pages\/151\/revisions\/533"}],"wp:attachment":[{"href":"https:\/\/casalagorapel.cl\/index.php?rest_route=%2Fwp%2Fv2%2Fmedia&parent=151"}],"curies":[{"name":"wp","href":"https:\/\/api.w.org\/{rel}","templated":true}]}}